{"id":22560,"date":"2022-07-10T17:05:52","date_gmt":"2022-07-10T15:05:52","guid":{"rendered":"https:\/\/4pets.pl\/?post_type=product&#038;p=22560"},"modified":"2025-12-18T14:52:09","modified_gmt":"2025-12-18T13:52:09","slug":"szampon-4pets-puppy","status":"publish","type":"product","link":"https:\/\/4pets.pl\/index.php\/produkt\/szampon-4pets-puppy\/","title":{"rendered":"Szampon 4pets PUPPY"},"content":{"rendered":"<p>Szampon <strong>4pets UNIWERSALNY <\/strong>\u0142agodny, nie podra\u017cniaj\u0105cy sk\u00f3ry.<br \/>\nOparty jest na delikatnych, naturalnych zwi\u0105zkach myj\u0105cych niepodra\u017cniaj\u0105cych wra\u017cliwej sk\u00f3ry ps\u00f3w. Dodatki naturalnych wyci\u0105g\u00f3w owocowych i ekstrakt\u00f3w kwiatowych sprawiaj\u0105, \u017ce po umyciu sk\u00f3ra jest nawil\u017cona, wspomagaj\u0105 odbudow\u0119 nask\u00f3rka. Ekstrakt z aloesu nawil\u017ca i \u0142agodzi ewentualne skutki przesuszenia, lub alergii.<br \/>\nDelikatne substancje myj\u0105ce minimalizuj\u0105 reakcje alergiczne sk\u00f3ry psa na szampon.<\/p>\n<p>&nbsp;<\/p>\n<p>Przeznaczenie: do ka\u017cdej sier\u015bci<br \/>\nWiek: m\u0142ode psy<\/p>\n<p>Sk\u0142ad: aqua, amfoteryczne, anionowe i niejonowe zwi\u0105zki powierzchniowo czynne, ekstrakt z li\u015bci aloesu, gliceryna ro\u015blinna, potassium sorbate, natrii benzoas, kwas cytrynowy, substancje zapachowe<\/p>\n","protected":false},"excerpt":{"rendered":"<p>Szampon 4pets UNIWERSALNY \u0142agodny, nie podra\u017cniaj\u0105cy sk\u00f3ry. Oparty jest na delikatnych, naturalnych zwi\u0105zkach myj\u0105cych niepodra\u017cniaj\u0105cych wra\u017cliwej sk\u00f3ry ps\u00f3w. Dodatki naturalnych&hellip;<\/p>\n","protected":false},"featured_media":22626,"template":"","meta":[],"product_brand":[],"product_cat":[64,30,31],"product_tag":[],"class_list":{"0":"post-22560","1":"product","2":"type-product","3":"status-publish","4":"has-post-thumbnail","6":"product_cat-4pets","7":"product_cat-higiena","8":"product_cat-szampony","10":"first","11":"instock","12":"shipping-taxable","13":"purchasable","14":"product-type-variable"},"_links":{"self":[{"href":"https:\/\/4pets.pl\/index.php\/wp-json\/wp\/v2\/product\/22560","targetHints":{"allow":["GET"]}}],"collection":[{"href":"https:\/\/4pets.pl\/index.php\/wp-json\/wp\/v2\/product"}],"about":[{"href":"https:\/\/4pets.pl\/index.php\/wp-json\/wp\/v2\/types\/product"}],"wp:featuredmedia":[{"embeddable":true,"href":"https:\/\/4pets.pl\/index.php\/wp-json\/wp\/v2\/media\/22626"}],"wp:attachment":[{"href":"https:\/\/4pets.pl\/index.php\/wp-json\/wp\/v2\/media?parent=22560"}],"wp:term":[{"taxonomy":"product_brand","embeddable":true,"href":"https:\/\/4pets.pl\/index.php\/wp-json\/wp\/v2\/product_brand?post=22560"},{"taxonomy":"product_cat","embeddable":true,"href":"https:\/\/4pets.pl\/index.php\/wp-json\/wp\/v2\/product_cat?post=22560"},{"taxonomy":"product_tag","embeddable":true,"href":"https:\/\/4pets.pl\/index.php\/wp-json\/wp\/v2\/product_tag?post=22560"}],"curies":[{"name":"wp","href":"https:\/\/api.w.org\/{rel}","templated":true}]}}