{"id":23466,"date":"2023-06-01T17:22:35","date_gmt":"2023-06-01T15:22:35","guid":{"rendered":"https:\/\/4pets.pl\/?post_type=product&#038;p=23466"},"modified":"2023-10-13T11:10:17","modified_gmt":"2023-10-13T09:10:17","slug":"grow-tchawica-wolowa-200g","status":"publish","type":"product","link":"https:\/\/4pets.pl\/index.php\/produkt\/grow-tchawica-wolowa-200g\/","title":{"rendered":"GROW Tchawica wo\u0142owa 200g"},"content":{"rendered":"<p>Gryzak bogaty w proteiny i bia\u0142ko, stanowi doskona\u0142e uzupe\u0142nienie codziennej diety,<\/p>\n<p>a tak\u017ce pomaga w usuni\u0119ciu p\u0142ytki naz\u0119bnej.<\/p>\n<p>&nbsp;<\/p>\n","protected":false},"excerpt":{"rendered":"<p>Gryzak bogaty w proteiny i bia\u0142ko, stanowi doskona\u0142e uzupe\u0142nienie codziennej diety, a tak\u017ce pomaga w usuni\u0119ciu p\u0142ytki naz\u0119bnej. &nbsp;<\/p>\n","protected":false},"featured_media":23509,"template":"","meta":[],"product_brand":[],"product_cat":[63,20,83],"product_tag":[],"class_list":{"0":"post-23466","1":"product","2":"type-product","3":"status-publish","4":"has-post-thumbnail","6":"product_cat-grow","7":"product_cat-pies","8":"product_cat-przysmaki-gryzaki","10":"first","11":"instock","12":"shipping-taxable","13":"purchasable","14":"product-type-simple"},"_links":{"self":[{"href":"https:\/\/4pets.pl\/index.php\/wp-json\/wp\/v2\/product\/23466","targetHints":{"allow":["GET"]}}],"collection":[{"href":"https:\/\/4pets.pl\/index.php\/wp-json\/wp\/v2\/product"}],"about":[{"href":"https:\/\/4pets.pl\/index.php\/wp-json\/wp\/v2\/types\/product"}],"wp:featuredmedia":[{"embeddable":true,"href":"https:\/\/4pets.pl\/index.php\/wp-json\/wp\/v2\/media\/23509"}],"wp:attachment":[{"href":"https:\/\/4pets.pl\/index.php\/wp-json\/wp\/v2\/media?parent=23466"}],"wp:term":[{"taxonomy":"product_brand","embeddable":true,"href":"https:\/\/4pets.pl\/index.php\/wp-json\/wp\/v2\/product_brand?post=23466"},{"taxonomy":"product_cat","embeddable":true,"href":"https:\/\/4pets.pl\/index.php\/wp-json\/wp\/v2\/product_cat?post=23466"},{"taxonomy":"product_tag","embeddable":true,"href":"https:\/\/4pets.pl\/index.php\/wp-json\/wp\/v2\/product_tag?post=23466"}],"curies":[{"name":"wp","href":"https:\/\/api.w.org\/{rel}","templated":true}]}}