{"id":23479,"date":"2023-06-01T17:22:37","date_gmt":"2023-06-01T15:22:37","guid":{"rendered":"https:\/\/4pets.pl\/?post_type=product&#038;p=23479"},"modified":"2023-10-13T11:05:07","modified_gmt":"2023-10-13T09:05:07","slug":"grow-wymiona-wolowe-300g","status":"publish","type":"product","link":"https:\/\/4pets.pl\/index.php\/produkt\/grow-wymiona-wolowe-300g\/","title":{"rendered":"GROW Wymiona wo\u0142owe 300g"},"content":{"rendered":"<p>Lekkostrawny, niskot\u0142uszczowy przysmak bogaty<br \/>\nw naturalne bia\u0142ko i kolagen.<br \/>\nPosiadaj\u0105 wyj\u0105tkowy smak i zapach, przyjemny dla psa,<br \/>\ndoskona\u0142e jako nagroda podczas treningu.<br \/>\nPolecane psom pracuj\u0105cym, maj\u0105cym zwi\u0119kszone<br \/>\nzapotrzebowanie na proteiny.<\/p>\n<p>GROW Przysmaki i Gryzaki s\u0105 produkowane w Polsce w ca\u0142o\u015bci z polskich produkt\u00f3w.<br \/>\nProces produkcji w stosunkowo niskiej temperaturze pozwala zachowa\u0107 maksimum<br \/>\nwarto\u015bci od\u017cywczych, a kilkuminutowa pasteryzacja na koniec zapewnia<br \/>\nbezpiecze\u0144stwo produktu.<\/p>\n<p>&nbsp;<\/p>\n","protected":false},"excerpt":{"rendered":"<p>Lekkostrawny, niskot\u0142uszczowy przysmak bogaty w naturalne bia\u0142ko i kolagen. Posiadaj\u0105 wyj\u0105tkowy smak i zapach, przyjemny dla psa, doskona\u0142e jako nagroda&hellip;<\/p>\n","protected":false},"featured_media":23537,"template":"","meta":[],"product_brand":[],"product_cat":[63,20,83],"product_tag":[],"class_list":{"0":"post-23479","1":"product","2":"type-product","3":"status-publish","4":"has-post-thumbnail","6":"product_cat-grow","7":"product_cat-pies","8":"product_cat-przysmaki-gryzaki","10":"first","11":"outofstock","12":"shipping-taxable","13":"purchasable","14":"product-type-simple"},"_links":{"self":[{"href":"https:\/\/4pets.pl\/index.php\/wp-json\/wp\/v2\/product\/23479","targetHints":{"allow":["GET"]}}],"collection":[{"href":"https:\/\/4pets.pl\/index.php\/wp-json\/wp\/v2\/product"}],"about":[{"href":"https:\/\/4pets.pl\/index.php\/wp-json\/wp\/v2\/types\/product"}],"wp:featuredmedia":[{"embeddable":true,"href":"https:\/\/4pets.pl\/index.php\/wp-json\/wp\/v2\/media\/23537"}],"wp:attachment":[{"href":"https:\/\/4pets.pl\/index.php\/wp-json\/wp\/v2\/media?parent=23479"}],"wp:term":[{"taxonomy":"product_brand","embeddable":true,"href":"https:\/\/4pets.pl\/index.php\/wp-json\/wp\/v2\/product_brand?post=23479"},{"taxonomy":"product_cat","embeddable":true,"href":"https:\/\/4pets.pl\/index.php\/wp-json\/wp\/v2\/product_cat?post=23479"},{"taxonomy":"product_tag","embeddable":true,"href":"https:\/\/4pets.pl\/index.php\/wp-json\/wp\/v2\/product_tag?post=23479"}],"curies":[{"name":"wp","href":"https:\/\/api.w.org\/{rel}","templated":true}]}}