{"id":23552,"date":"2023-06-01T17:24:16","date_gmt":"2023-06-01T15:24:16","guid":{"rendered":"https:\/\/4pets.pl\/?post_type=product&#038;p=23552"},"modified":"2023-10-13T10:50:47","modified_gmt":"2023-10-13T08:50:47","slug":"grow-zestaw-testowy-przysmaki","status":"publish","type":"product","link":"https:\/\/4pets.pl\/index.php\/produkt\/grow-zestaw-testowy-przysmaki\/","title":{"rendered":"GROW zestaw testowy + przysmaki"},"content":{"rendered":"<p>Zestaw testowy karm GROW dla ps\u00f3w + pakiet przysmak\u00f3w<\/p>\n<p>Junior L &#8211; w zestawie znajd\u0105 si\u0119:<br \/>\nGROW Ryba Morska Junior Large 0.5kg<br \/>\nGROW Kaczka z Ryb\u0105 Junior Large 0.5kg<br \/>\nGROW Kaczka z Ryb\u0105 Junior Large bezglutenowa 0.5kg<\/p>\n<p>&nbsp;<\/p>\n<p>Junior SM &#8211; w zestawie znajd\u0105 si\u0119:<br \/>\nGROW Ryba Morska Junior Small\/Medium 0.5kg<br \/>\nGROW Kaczka z Ryb\u0105 Junior Small\/Medium 0.5kg<br \/>\nGROW Kaczka z Ryb\u0105 Junior Small\/Medium bezglutenowa 0.5kg<\/p>\n<p>&nbsp;<\/p>\n<p>Doros\u0142y L<br \/>\nGROW Ryba Morska Doros\u0142y L 0.5kg<br \/>\nGROW Kaczka z Ryb\u0105 Doros\u0142y L 0.5kg<br \/>\nGROW Ryba Morska Doros\u0142y L bezglutenowa<\/p>\n<p>&nbsp;<\/p>\n<p>Doros\u0142y SM<br \/>\nGROW Ryba Morska Doros\u0142y SM 0.5kg<br \/>\nGROW Kaczka z Ryb\u0105 Doros\u0142y SM 0.5kg<br \/>\nGROW Ryba Morska Doros\u0142y SM bezglutenowa<\/p>\n<p>&nbsp;<\/p>\n<p>W ka\u017cdym z zestaw\u00f3w trzy losowo wybrane przysmaki, ze wskazaniem na:<br \/>\nGROW Sk\u00f3ra kr\u00f3lika 50g<br \/>\nGROW Mi\u0119so wo\u0142owe 50g<br \/>\nGROW \u017bwacze wo\u0142owy\u00a0 50g<\/p>\n<p>Pr\u00f3bki pozosta\u0142ych karm.<\/p>\n<p>&nbsp;<\/p>\n<p>Dlaczego warto wybra\u0107 GROW?<\/p>\n<p>W produkcji nie u\u017cyto konserwant\u00f3w, sztucznych barwnik\u00f3w, czy polepszaczy.<\/p>\n<p>GROW ma kr\u00f3tki, sze\u015bciomiesi\u0119czny okres przydatno\u015bci do spo\u017cycia, jest to wynikiem sk\u0142adu karmy opartego na naturalnych sk\u0142adnikach.<\/p>\n<p>Twardo\u015b\u0107 granulek GROW wymusza gryzienie i zapobiega osadzaniu si\u0119 kamienia naz\u0119bnego.<\/p>\n<p><img loading=\"lazy\" decoding=\"async\" class=\"wp-image-7486 aligncenter\" src=\"https:\/\/growfood.pl\/wp-content\/uploads\/2019\/07\/zalety-karm-600x506.jpg\" alt=\"\" width=\"446\" height=\"376\" \/><\/p>\n<p>&nbsp;<\/p>\n<p>Przed zakupem koniecznie przeczytaj:<br \/>\n<a href=\"https:\/\/growfood.pl\/przechowywanie-karm\/\">https:\/\/growfood.pl\/przechowywanie-karm\/<\/a><br \/>\n<a href=\"https:\/\/growfood.pl\/zmiana-karmy\/\">https:\/\/growfood.pl\/zmiana-karmy\/<\/a><\/p>\n<p>&nbsp;<\/p>\n<p>*Zbo\u017ca ekstrudowane (ry\u017c, pszenica) to produkt naturalny, nie zawieraj\u0105cy konserwant\u00f3w, spulchniaczy, czy polepszaczy smaku, przetworzony poprzez obr\u00f3bk\u0119 surowca (zbo\u017ca)<br \/>\nw temperaturze do 200\u00b0C, w otoczeniu wilgotnym i pod ci\u015bnieniem dochodz\u0105cym do 200MPa, w czasie do 30sekund.<br \/>\nObr\u00f3bka taka pozytywnie wp\u0142ywa na produkt, sterylizuj\u0105c go i podnosz\u0105c strawno\u015b\u0107 bia\u0142ka, zmieniaj\u0105c skrobi\u0119 w cukry i umo\u017cliwiaj\u0105c trawienie zbo\u017ca przez psa.<\/p>\n<p>&nbsp;<\/p>\n","protected":false},"excerpt":{"rendered":"<p>Zestaw testowy karm GROW dla ps\u00f3w + pakiet przysmak\u00f3w Junior L &#8211; w zestawie znajd\u0105 si\u0119: GROW Ryba Morska Junior&hellip;<\/p>\n","protected":false},"featured_media":23606,"template":"","meta":[],"product_brand":[],"product_cat":[63,26,20,83],"product_tag":[],"class_list":{"0":"post-23552","1":"product","2":"type-product","3":"status-publish","4":"has-post-thumbnail","6":"product_cat-grow","7":"product_cat-karma-sucha","8":"product_cat-pies","9":"product_cat-przysmaki-gryzaki","11":"first","12":"instock","13":"shipping-taxable","14":"purchasable","15":"product-type-variable"},"_links":{"self":[{"href":"https:\/\/4pets.pl\/index.php\/wp-json\/wp\/v2\/product\/23552","targetHints":{"allow":["GET"]}}],"collection":[{"href":"https:\/\/4pets.pl\/index.php\/wp-json\/wp\/v2\/product"}],"about":[{"href":"https:\/\/4pets.pl\/index.php\/wp-json\/wp\/v2\/types\/product"}],"wp:featuredmedia":[{"embeddable":true,"href":"https:\/\/4pets.pl\/index.php\/wp-json\/wp\/v2\/media\/23606"}],"wp:attachment":[{"href":"https:\/\/4pets.pl\/index.php\/wp-json\/wp\/v2\/media?parent=23552"}],"wp:term":[{"taxonomy":"product_brand","embeddable":true,"href":"https:\/\/4pets.pl\/index.php\/wp-json\/wp\/v2\/product_brand?post=23552"},{"taxonomy":"product_cat","embeddable":true,"href":"https:\/\/4pets.pl\/index.php\/wp-json\/wp\/v2\/product_cat?post=23552"},{"taxonomy":"product_tag","embeddable":true,"href":"https:\/\/4pets.pl\/index.php\/wp-json\/wp\/v2\/product_tag?post=23552"}],"curies":[{"name":"wp","href":"https:\/\/api.w.org\/{rel}","templated":true}]}}