{"id":23563,"date":"2023-06-01T17:24:37","date_gmt":"2023-06-01T15:24:37","guid":{"rendered":"https:\/\/4pets.pl\/?post_type=product&#038;p=23563"},"modified":"2023-10-13T10:49:08","modified_gmt":"2023-10-13T08:49:08","slug":"grow-ryba-morska-junior-l-2kg","status":"publish","type":"product","link":"https:\/\/4pets.pl\/index.php\/produkt\/grow-ryba-morska-junior-l-2kg\/","title":{"rendered":"Grow Ryba Morska Junior L 2kg"},"content":{"rendered":"<p>Grow Ryba Morska Junior Large<br \/>\nkarma dla m\u0142odych ps\u00f3w ras du\u017cych, do codziennego stosowania.<\/p>\n<p>Sk\u0142ad analityczny:<br \/>\nbia\u0142ko 28%, t\u0142uszcz 14%, w\u0119glowodany, b\u0142onnik, popi\u00f3\u0142 6,7%, w\u0142\u00f3kno 2,3%, wap\u0144 2.1%, fosfor 1,1%, dodatki: witaminowe (wit A, B1, B2, B6, B12, C, D3, E, K1); mineralne (mied\u017a, cynk, s\u00f3d, selen, jod, \u017celazo, magnez, biotyna).<\/p>\n<p>Warto\u015b\u0107 energetyczna 385kcal\/100g<\/p>\n<p>Sk\u0142ad: ryba morska (~49%), mi\u0119so i t\u0142uszcz z \u0142ososia (~14%), ekstrudowany ry\u017c, ekstrudowana pszenica, marchew, jab\u0142ka, buraki, serwatka, dro\u017cd\u017ce pogorzelniane, olej lniany, czarnuszka.<\/p>\n<p>Wielko\u015b\u0107 kulki 5-7mm<\/p>\n<p><img loading=\"lazy\" decoding=\"async\" class=\"wp-image-7836 aligncenter\" src=\"https:\/\/growfood.pl\/wp-content\/uploads\/2016\/05\/dawkowanie-junior-ryba-600x272.jpg\" alt=\"\" width=\"527\" height=\"239\" \/><\/p>\n<p>W produkcji nie u\u017cyto konserwant\u00f3w, sztucznych barwnik\u00f3w, czy polepszaczy.<\/p>\n<p>GROW ma kr\u00f3tki, czteromiesi\u0119czny okres przydatno\u015bci do spo\u017cycia, jest to wynikiem sk\u0142adu karmy opartego na naturalnych sk\u0142adnikach.<\/p>\n<p>Twardo\u015b\u0107 granulek GROW wymusza gryzienie i zapobiega osadzaniu si\u0119 kamienia naz\u0119bnego.<\/p>\n<p><img loading=\"lazy\" decoding=\"async\" class=\"wp-image-7486 aligncenter\" src=\"https:\/\/growfood.pl\/wp-content\/uploads\/2019\/07\/zalety-karm-600x506.jpg\" alt=\"\" width=\"477\" height=\"402\" \/><\/p>\n<p>&nbsp;<\/p>\n<p>Przed zakupem koniecznie przeczytaj:<br \/>\n<a href=\"https:\/\/growfood.pl\/przechowywanie-karm\/\">https:\/\/growfood.pl\/przechowywanie-karm\/<\/a><br \/>\n<a href=\"https:\/\/growfood.pl\/zmiana-karmy\/\">https:\/\/growfood.pl\/zmiana-karmy\/<\/a><\/p>\n<p>&nbsp;<\/p>\n<p>*Zbo\u017ca ekstrudowane (ry\u017c, pszenica) to produkt naturalny, nie zawieraj\u0105cy konserwant\u00f3w, spulchniaczy, czy polepszaczy smaku, przetworzony poprzez obr\u00f3bk\u0119 surowca (zbo\u017ca)<br \/>\nw temperaturze do 200\u00b0C, w otoczeniu wilgotnym i pod ci\u015bnieniem dochodz\u0105cym do 200MPa, w czasie do 30sekund.<br \/>\nObr\u00f3bka taka pozytywnie wp\u0142ywa na produkt, sterylizuj\u0105c go i podnosz\u0105c strawno\u015b\u0107 bia\u0142ka, zmieniaj\u0105c skrobi\u0119 w cukry i umo\u017cliwiaj\u0105c trawienie zbo\u017ca przez psa.<\/p>\n","protected":false},"excerpt":{"rendered":"<p>Grow Ryba Morska Junior Large karma dla m\u0142odych ps\u00f3w ras du\u017cych, do codziennego stosowania. Sk\u0142ad analityczny: bia\u0142ko 28%, t\u0142uszcz 14%,&hellip;<\/p>\n","protected":false},"featured_media":23493,"template":"","meta":[],"product_brand":[],"product_cat":[63,26,20],"product_tag":[],"class_list":{"0":"post-23563","1":"product","2":"type-product","3":"status-publish","4":"has-post-thumbnail","6":"product_cat-grow","7":"product_cat-karma-sucha","8":"product_cat-pies","10":"first","11":"instock","12":"shipping-taxable","13":"purchasable","14":"product-type-simple"},"_links":{"self":[{"href":"https:\/\/4pets.pl\/index.php\/wp-json\/wp\/v2\/product\/23563","targetHints":{"allow":["GET"]}}],"collection":[{"href":"https:\/\/4pets.pl\/index.php\/wp-json\/wp\/v2\/product"}],"about":[{"href":"https:\/\/4pets.pl\/index.php\/wp-json\/wp\/v2\/types\/product"}],"wp:featuredmedia":[{"embeddable":true,"href":"https:\/\/4pets.pl\/index.php\/wp-json\/wp\/v2\/media\/23493"}],"wp:attachment":[{"href":"https:\/\/4pets.pl\/index.php\/wp-json\/wp\/v2\/media?parent=23563"}],"wp:term":[{"taxonomy":"product_brand","embeddable":true,"href":"https:\/\/4pets.pl\/index.php\/wp-json\/wp\/v2\/product_brand?post=23563"},{"taxonomy":"product_cat","embeddable":true,"href":"https:\/\/4pets.pl\/index.php\/wp-json\/wp\/v2\/product_cat?post=23563"},{"taxonomy":"product_tag","embeddable":true,"href":"https:\/\/4pets.pl\/index.php\/wp-json\/wp\/v2\/product_tag?post=23563"}],"curies":[{"name":"wp","href":"https:\/\/api.w.org\/{rel}","templated":true}]}}