{"id":23596,"date":"2023-06-01T17:25:28","date_gmt":"2023-06-01T15:25:28","guid":{"rendered":"https:\/\/4pets.pl\/?post_type=product&#038;p=23596"},"modified":"2023-10-12T14:06:32","modified_gmt":"2023-10-12T12:06:32","slug":"grow-zestaw-prezentowy-mix","status":"publish","type":"product","link":"https:\/\/4pets.pl\/index.php\/produkt\/grow-zestaw-prezentowy-mix\/","title":{"rendered":"GROW Zestaw prezentowy MIX"},"content":{"rendered":"<p>Szukasz pomys\u0142u na super prezent na \u015bwi\u0119ta?<br \/>\nZastanawiasz si\u0119 co kupi\u0107 swojemu psu?<br \/>\nIdziesz do znajomych u kt\u00f3rych jest pies, a nie wiesz co lubi?<\/p>\n<p>GROW Zestaw Prezentowy MIX jest \u015bwietnym rozwi\u0105zaniem \ud83d\ude42<\/p>\n<p>Wersja SM<br \/>\nw ozdobnym pude\u0142ku z wst\u0105\u017ck\u0105 i okienkiem (choinka, \u015bnie\u017cynka lub kokardka) znajdziesz*:<br \/>\nW\u0105troba wo\u0142owa<br \/>\nP\u0142uca wo\u0142owe<br \/>\nMIX 100G<\/p>\n<p>Wersja L<br \/>\nwozdobnym pude\u0142ku z wst\u0105\u017ck\u0105 i okienkiem (choinka, \u015bnie\u017cynka lub kokardka) znajdziesz*:<br \/>\nUszy sarny<br \/>\nW\u0105troba wo\u0142owa<br \/>\nP\u0142uca wo\u0142owe<br \/>\nJelita wo\u0142owe<br \/>\nTreserki wo\u0142owe<br \/>\nCiasteczka drobiowe<br \/>\nTreserki wo\u0142owe z mi\u0119t\u0105<\/p>\n<p>wszystko z oferty GROW, a dodatkowo ma\u0142a brokatowa bombka \ud83d\ude42<\/p>\n<p>Idealne na prezent, dla sprawdzenia co smakuje psu.<\/p>\n<p>Pami\u0119taj, aby psu zawsze podawa\u0107 przysmaki i gryzaki pod kontrol\u0105 cz\u0142owieka i zapewni\u0107 dost\u0119 do \u015bwie\u017cej wody.<\/p>\n<p>*zawarto\u015b\u0107 zestawu mo\u017ce si\u0119 r\u00f3\u017cni\u0107, w zale\u017cno\u015bci od dost\u0119pno\u015bci produkt\u00f3w.<\/p>\n<p>&nbsp;<\/p>\n<p>GROW Przysmaki i Gryzaki s\u0105 produkowane w Polsce w ca\u0142o\u015bci z polskich produkt\u00f3w.<br \/>\nProces produkcji w stosunkowo niskiej temperaturze pozwala zachowa\u0107 maksimum<br \/>\nwarto\u015bci od\u017cywczych, a kilkuminutowa pasteryzacja na koniec zapewnia<br \/>\nbezpiecze\u0144stwo produktu.<\/p>\n","protected":false},"excerpt":{"rendered":"<p>Szukasz pomys\u0142u na super prezent na \u015bwi\u0119ta? Zastanawiasz si\u0119 co kupi\u0107 swojemu psu? Idziesz do znajomych u kt\u00f3rych jest pies,&hellip;<\/p>\n","protected":false},"featured_media":23647,"template":"","meta":[],"product_brand":[],"product_cat":[26,20,83],"product_tag":[],"class_list":{"0":"post-23596","1":"product","2":"type-product","3":"status-publish","4":"has-post-thumbnail","6":"product_cat-karma-sucha","7":"product_cat-pies","8":"product_cat-przysmaki-gryzaki","10":"first","11":"instock","12":"shipping-taxable","13":"purchasable","14":"product-type-variable"},"_links":{"self":[{"href":"https:\/\/4pets.pl\/index.php\/wp-json\/wp\/v2\/product\/23596","targetHints":{"allow":["GET"]}}],"collection":[{"href":"https:\/\/4pets.pl\/index.php\/wp-json\/wp\/v2\/product"}],"about":[{"href":"https:\/\/4pets.pl\/index.php\/wp-json\/wp\/v2\/types\/product"}],"wp:featuredmedia":[{"embeddable":true,"href":"https:\/\/4pets.pl\/index.php\/wp-json\/wp\/v2\/media\/23647"}],"wp:attachment":[{"href":"https:\/\/4pets.pl\/index.php\/wp-json\/wp\/v2\/media?parent=23596"}],"wp:term":[{"taxonomy":"product_brand","embeddable":true,"href":"https:\/\/4pets.pl\/index.php\/wp-json\/wp\/v2\/product_brand?post=23596"},{"taxonomy":"product_cat","embeddable":true,"href":"https:\/\/4pets.pl\/index.php\/wp-json\/wp\/v2\/product_cat?post=23596"},{"taxonomy":"product_tag","embeddable":true,"href":"https:\/\/4pets.pl\/index.php\/wp-json\/wp\/v2\/product_tag?post=23596"}],"curies":[{"name":"wp","href":"https:\/\/api.w.org\/{rel}","templated":true}]}}