{"id":23613,"date":"2023-06-01T17:25:49","date_gmt":"2023-06-01T15:25:49","guid":{"rendered":"https:\/\/4pets.pl\/?post_type=product&#038;p=23613"},"modified":"2023-10-12T14:03:18","modified_gmt":"2023-10-12T12:03:18","slug":"grow-ryba-morska-kot-sterylizowany","status":"publish","type":"product","link":"https:\/\/4pets.pl\/index.php\/produkt\/grow-ryba-morska-kot-sterylizowany\/","title":{"rendered":"GROW Ryba Morska kot sterylizowany"},"content":{"rendered":"<p>GROW Ryba Morska dla kot\u00f3w doros\u0142ych sterylizowanych<\/p>\n<p>Pe\u0142noporcjowa, \u015bwietnie zbilansowana karma dla kot\u00f3w doros\u0142ych do codziennego stosowania. Szczeg\u00f3lnie polecana kotom sterylizowanym\/kastrowanym, niewychodz\u0105cym, ze sk\u0142onno\u015bci\u0105 do nadwagi.<br \/>\n\u0141\u0105czna zawarto\u015b\u0107 Ryb morskich w karmie to a\u017c 70% dzi\u0119ki czemu karma jest bogata w niezb\u0119dne, dobrze przyswajalne aminokwasy i minera\u0142y, kt\u00f3re maja pozytywny wp\u0142yw na stan zdrowia i samopoczucie kota.<br \/>\nOlej z \u0142ososia, t\u0142uszcz ryb zawarty w karmie to \u015bwietne \u017ar\u00f3d\u0142o kwas\u00f3w t\u0142uszczowych Omega-3, DHA i EPA, potrzebnych organizmowi do prawid\u0142owego funkcjonowania m\u00f3zgu i wzroku.<br \/>\nDodatek witaminy E, b\u0119d\u0105cej jednocze\u015bnie przeciwutleniaczem, oraz tauryny pomaga w budowaniu odporno\u015bci immunologicznej, tauryna tak\u017ce wspiera prawid\u0142owy rozw\u00f3j serca.<br \/>\nDodatek b\u0142onki jajka kurzego, naturalnego kolagenu, glukozaminy i chondroityny wp\u0142ywa na prawid\u0142ow\u0105 budow\u0119 staw\u00f3w.<br \/>\nDodatek pulpy buraczanej i celulozy pomaga w redukowaniu kul w\u0142osowych.<br \/>\nObni\u017cona zawarto\u015b\u0107 t\u0142uszczu i dodatek L-Karnityny sprzyja utrzymaniu prawid\u0142owej wagi.<\/p>\n<p>Sk\u0142ad analityczny:<br \/>\nbia\u0142ko surowe 43,5%, t\u0142uszcz 13%, w\u0119glowodany, popi\u00f3\u0142 8,5%, b\u0142onnik, wilgotno\u015b\u0107 5%, w\u0142\u00f3kno 4,5%, wap\u0144 1,9%, fosfor 1.5%, oleje z kwasami t\u0142uszczowymi omega 6 &#8211; 4%, oleje z kwasami t\u0142uszczowymi omega 3 &#8211; 1,1%, EPA + DHA 0.13%,<\/p>\n<p>Warto\u015b\u0107 energetyczna 377kcal\/100g<\/p>\n<p>Sk\u0142ad: ryby ~70% (w tym \u015bwie\u017co przygotowany \u0142oso\u015b bez o\u015bci 26%,\u00a0 suszone \u0142oso\u015b 16%, mintaj 14%, \u015bled\u017a 4%, \u015bwie\u017co przygotowana bia\u0142\u0105 ryba 4%, olej z \u0142ososia 5%), ziemniaki, groszek, ciecierzyca, soczewica, hydroizolowany sos w\u0105trobowy, naturalny olej z \u0142ososia, celuloza 3%, pulpa buraczana 3%, minera\u0142y, fruktooligosacharydy (FOS 480mg\/kg), mannanooligosacharydy (MOS 120mg\/kg) suszona \u017curawina, ekstrakt z juki (180 mg\/kg), ekstrakt z b\u0142onki jajka kurzego (kolagen, glukozamina, chondroityna)<\/p>\n<p>Zalecane dawkowanie:<\/p>\n<table border=\"0\" frame=\"VOID\" rules=\"NONE\" cellspacing=\"0\">\n<colgroup>\n<col width=\"315\" \/>\n<col width=\"315\" \/>\n<col width=\"86\" \/><\/colgroup>\n<tbody>\n<tr>\n<td rowspan=\"2\" align=\"CENTER\" valign=\"MIDDLE\" bgcolor=\"#EEEEEE\" width=\"315\" height=\"34\"><b><span style=\"font-family: Calibri; font-size: medium;\">Waga kota<\/span><\/b><\/td>\n<td rowspan=\"2\" align=\"CENTER\" valign=\"MIDDLE\" bgcolor=\"#EEEEEE\" width=\"315\"><b><span style=\"font-family: Calibri; font-size: medium;\">Dzienna porcja karmy (g)<\/span><\/b><\/td>\n<td align=\"LEFT\" width=\"86\"><\/td>\n<\/tr>\n<tr>\n<td align=\"LEFT\"><\/td>\n<\/tr>\n<tr>\n<td align=\"CENTER\" valign=\"MIDDLE\" height=\"36\"><b><span style=\"font-family: Calibri; font-size: medium;\">1 \u2013 2kg<\/span><\/b><\/td>\n<td align=\"CENTER\" valign=\"MIDDLE\"><b><span style=\"font-family: Calibri; font-size: medium;\">20 \u2013 30g<\/span><\/b><\/td>\n<td align=\"LEFT\"><\/td>\n<\/tr>\n<tr>\n<td align=\"CENTER\" valign=\"MIDDLE\" height=\"36\"><b><span style=\"font-family: Calibri; font-size: medium;\">2 \u2013 3kg<\/span><\/b><\/td>\n<td align=\"CENTER\" valign=\"MIDDLE\"><b><span style=\"font-family: Calibri; font-size: medium;\">30 \u2013 40g<\/span><\/b><\/td>\n<td align=\"LEFT\"><\/td>\n<\/tr>\n<tr>\n<td align=\"CENTER\" valign=\"MIDDLE\" height=\"36\"><b><span style=\"font-family: Calibri; font-size: medium;\">3 \u2013 4kg<\/span><\/b><\/td>\n<td align=\"CENTER\" valign=\"MIDDLE\"><b><span style=\"font-family: Calibri; font-size: medium;\">40 \u2013 50g<\/span><\/b><\/td>\n<td align=\"LEFT\"><\/td>\n<\/tr>\n<tr>\n<td align=\"CENTER\" valign=\"MIDDLE\" height=\"36\"><b><span style=\"font-family: Calibri; font-size: medium;\">4 \u2013 5kg<\/span><\/b><\/td>\n<td align=\"CENTER\" valign=\"MIDDLE\"><b><span style=\"font-family: Calibri; font-size: medium;\">50 \u2013 60g<\/span><\/b><\/td>\n<td align=\"LEFT\"><\/td>\n<\/tr>\n<tr>\n<td align=\"CENTER\" valign=\"MIDDLE\" height=\"36\"><b><span style=\"font-family: Calibri; font-size: medium;\">&gt;5kg<\/span><\/b><\/td>\n<td align=\"CENTER\" valign=\"MIDDLE\"><b><span style=\"font-family: Calibri; font-size: medium;\">&gt;60g<\/span><\/b><\/td>\n<td align=\"LEFT\"><\/td>\n<\/tr>\n<\/tbody>\n<\/table>\n<p>Uwaga ka\u017cdy kot ma inne zapotrzebowanie na sk\u0142adniki od\u017cywcze i ilo\u015b\u0107 karmy, ka\u017cdorazowo dzienna dawka karmy powinna by\u0107 dostosowana osobniczo.<\/p>\n<p>Dodatki dietetyczne (na 1kg):<br \/>\nWitamina A 25000 j.m., Witamina d3 1730 j.m., Witamina E 255 j.m., Tauryna 2000mg, L-karnityna 2000mg, Cynk 96mg, \u017belazo 72mg, Mangan 29mg, Mied\u017a 5mg, Jod 3,7mg, Metionina 2000mg, Lizyna 500mg, glukozamina 200mg\/kg, chondroityna 130mg\/kg<br \/>\nRegulator kwasowo\u015bci: wodorosiarczan sodu 4,8mg<\/p>\n<p>&nbsp;<\/p>\n<p>&nbsp;<\/p>\n<p>&nbsp;<\/p>\n<p>&nbsp;<\/p>\n","protected":false},"excerpt":{"rendered":"<p>GROW Ryba Morska dla kot\u00f3w doros\u0142ych sterylizowanych Pe\u0142noporcjowa, \u015bwietnie zbilansowana karma dla kot\u00f3w doros\u0142ych do codziennego stosowania. Szczeg\u00f3lnie polecana kotom&hellip;<\/p>\n","protected":false},"featured_media":23652,"template":"","meta":[],"product_brand":[],"product_cat":[63,75,78,74,21,81,89],"product_tag":[],"class_list":{"0":"post-23613","1":"product","2":"type-product","3":"status-publish","4":"has-post-thumbnail","6":"product_cat-grow","7":"product_cat-grow-karma-sucha-dla-kota","8":"product_cat-karma-sucha-2","9":"product_cat-karma-sucha-dla-kota","10":"product_cat-kot","11":"product_cat-ryba-morska-2","12":"product_cat-ryby","14":"first","15":"instock","16":"shipping-taxable","17":"purchasable","18":"product-type-variable","19":"has-default-attributes"},"_links":{"self":[{"href":"https:\/\/4pets.pl\/index.php\/wp-json\/wp\/v2\/product\/23613","targetHints":{"allow":["GET"]}}],"collection":[{"href":"https:\/\/4pets.pl\/index.php\/wp-json\/wp\/v2\/product"}],"about":[{"href":"https:\/\/4pets.pl\/index.php\/wp-json\/wp\/v2\/types\/product"}],"wp:featuredmedia":[{"embeddable":true,"href":"https:\/\/4pets.pl\/index.php\/wp-json\/wp\/v2\/media\/23652"}],"wp:attachment":[{"href":"https:\/\/4pets.pl\/index.php\/wp-json\/wp\/v2\/media?parent=23613"}],"wp:term":[{"taxonomy":"product_brand","embeddable":true,"href":"https:\/\/4pets.pl\/index.php\/wp-json\/wp\/v2\/product_brand?post=23613"},{"taxonomy":"product_cat","embeddable":true,"href":"https:\/\/4pets.pl\/index.php\/wp-json\/wp\/v2\/product_cat?post=23613"},{"taxonomy":"product_tag","embeddable":true,"href":"https:\/\/4pets.pl\/index.php\/wp-json\/wp\/v2\/product_tag?post=23613"}],"curies":[{"name":"wp","href":"https:\/\/api.w.org\/{rel}","templated":true}]}}