{"id":24179,"date":"2025-12-11T21:02:31","date_gmt":"2025-12-11T20:02:31","guid":{"rendered":"https:\/\/4pets.pl\/?post_type=product&#038;p=24179"},"modified":"2025-12-16T09:37:59","modified_gmt":"2025-12-16T08:37:59","slug":"pudelko-z-4-przegrodkami","status":"publish","type":"product","link":"https:\/\/4pets.pl\/index.php\/produkt\/pudelko-z-4-przegrodkami\/","title":{"rendered":"pude\u0142ko z 4 przegr\u00f3dkami"},"content":{"rendered":"<p><img loading=\"lazy\" decoding=\"async\" class=\"alignnone size-medium wp-image-24180\" src=\"https:\/\/4pets.pl\/wp-content\/uploads\/2025\/12\/IMG_20251211_161133022-225x300.jpg\" alt=\"\" width=\"225\" height=\"300\" srcset=\"https:\/\/4pets.pl\/wp-content\/uploads\/2025\/12\/IMG_20251211_161133022-225x300.jpg 225w, https:\/\/4pets.pl\/wp-content\/uploads\/2025\/12\/IMG_20251211_161133022-769x1024.jpg 769w, https:\/\/4pets.pl\/wp-content\/uploads\/2025\/12\/IMG_20251211_161133022-768x1023.jpg 768w, https:\/\/4pets.pl\/wp-content\/uploads\/2025\/12\/IMG_20251211_161133022-600x799.jpg 600w, https:\/\/4pets.pl\/wp-content\/uploads\/2025\/12\/IMG_20251211_161133022.jpg 900w\" sizes=\"auto, (max-width: 225px) 100vw, 225px\" \/><\/p>\n","protected":false},"excerpt":{"rendered":"<p>Pude\u0142ko wykonane ze sklejki, ozdobione \u015bwi\u0105tecznym motywem.<\/p>\n<p>Zamiast tradycyjnych ga\u0142\u0105zek, ta \u015bwi\u0105teczna choinka sk\u0142ada si\u0119 z uroczych piesk\u00f3w, pouk\u0142adanych warstwami niczym \u017cywe ozdoby. Razem tworz\u0105 zabawn\u0105 pe\u0142n\u0105 uroku kompozycje w \u015bwi\u0105tecznym klimacie.<\/p>\n<p>&nbsp;<\/p>\n","protected":false},"featured_media":24180,"template":"","meta":[],"product_brand":[],"product_cat":[64],"product_tag":[],"class_list":{"0":"post-24179","1":"product","2":"type-product","3":"status-publish","4":"has-post-thumbnail","6":"product_cat-4pets","8":"first","9":"instock","10":"shipping-taxable","11":"purchasable","12":"product-type-variable"},"_links":{"self":[{"href":"https:\/\/4pets.pl\/index.php\/wp-json\/wp\/v2\/product\/24179","targetHints":{"allow":["GET"]}}],"collection":[{"href":"https:\/\/4pets.pl\/index.php\/wp-json\/wp\/v2\/product"}],"about":[{"href":"https:\/\/4pets.pl\/index.php\/wp-json\/wp\/v2\/types\/product"}],"wp:featuredmedia":[{"embeddable":true,"href":"https:\/\/4pets.pl\/index.php\/wp-json\/wp\/v2\/media\/24180"}],"wp:attachment":[{"href":"https:\/\/4pets.pl\/index.php\/wp-json\/wp\/v2\/media?parent=24179"}],"wp:term":[{"taxonomy":"product_brand","embeddable":true,"href":"https:\/\/4pets.pl\/index.php\/wp-json\/wp\/v2\/product_brand?post=24179"},{"taxonomy":"product_cat","embeddable":true,"href":"https:\/\/4pets.pl\/index.php\/wp-json\/wp\/v2\/product_cat?post=24179"},{"taxonomy":"product_tag","embeddable":true,"href":"https:\/\/4pets.pl\/index.php\/wp-json\/wp\/v2\/product_tag?post=24179"}],"curies":[{"name":"wp","href":"https:\/\/api.w.org\/{rel}","templated":true}]}}