{"id":24190,"date":"2025-12-16T19:08:19","date_gmt":"2025-12-16T18:08:19","guid":{"rendered":"https:\/\/4pets.pl\/?post_type=product&#038;p=24190"},"modified":"2025-12-16T19:11:33","modified_gmt":"2025-12-16T18:11:33","slug":"odzywka-do-splukiwania-aloes","status":"publish","type":"product","link":"https:\/\/4pets.pl\/index.php\/produkt\/odzywka-do-splukiwania-aloes\/","title":{"rendered":"Od\u017cywka do sp\u0142ukiwania aloes"},"content":{"rendered":"<p>Wysokiej jako\u015bci od\u017cywka do sp\u0142ukiwania stworzona z my\u015bl\u0105 o codziennej piel\u0119gnacji sier\u015bci i sk\u00f3ry psa. Formu\u0142a bogata w sk\u0142adniki nawil\u017caj\u0105ce pomaga przywr\u00f3ci\u0107 odpowiedni poziom wilgoci, poprawia elastyczno\u015b\u0107 w\u0142osa i chroni przed przesuszeniem.<\/p>\n<p>Od\u017cywka wyg\u0142adza sier\u015b\u0107, u\u0142atwia rozczesywanie oraz redukuje puszenie i elektryzowanie si\u0119 w\u0142os\u00f3w. Regularne stosowanie sprawia, \u017ce sier\u015b\u0107 staje si\u0119 mi\u0119kka, l\u015bni\u0105ca i wyra\u017anie zdrowsza w dotyku. Sk\u0142ad dostosowany do regularnej piel\u0119gnacji dla ps\u00f3w wszystkich ras, tak\u017ce o wra\u017cliwej sk\u00f3rze.<\/p>\n<p>Zalety produktu:<\/p>\n<p>intensywne nawil\u017cenie sier\u015bci i sk\u00f3ry,<\/p>\n<p>poprawa mi\u0119kko\u015bci i po\u0142ysku,<\/p>\n<p>\u0142atwiejsze rozczesywanie,<\/p>\n<p>zmniejszenie \u0142amliwo\u015bci i przesuszenia,<\/p>\n<p>\u0142agodna formu\u0142a\u00a0 do cz\u0119stego stosowania.<\/p>\n<p>Spe\u0142niaj\u0105 oczekiwanie najbardziej wymagaj\u0105cych klient\u00f3w, idealna jako uzupe\u0142nienie k\u0105pieli, pozostawia sier\u015b\u0107 zadban\u0105, lekk\u0105 i przyjemnie pachn\u0105c\u0105.<\/p>\n","protected":false},"excerpt":{"rendered":"<p>Wysokiej jako\u015bci od\u017cywka do sp\u0142ukiwania stworzona z my\u015bl\u0105 o codziennej piel\u0119gnacji sier\u015bci i sk\u00f3ry psa. Formu\u0142a bogata w sk\u0142adniki nawil\u017caj\u0105ce&hellip;<\/p>\n","protected":false},"featured_media":24191,"template":"","meta":[],"product_brand":[],"product_cat":[64,30,107],"product_tag":[],"class_list":{"0":"post-24190","1":"product","2":"type-product","3":"status-publish","4":"has-post-thumbnail","6":"product_cat-4pets","7":"product_cat-higiena","8":"product_cat-odzywki-higiena","10":"first","11":"instock","12":"shipping-taxable","13":"purchasable","14":"product-type-simple"},"_links":{"self":[{"href":"https:\/\/4pets.pl\/index.php\/wp-json\/wp\/v2\/product\/24190","targetHints":{"allow":["GET"]}}],"collection":[{"href":"https:\/\/4pets.pl\/index.php\/wp-json\/wp\/v2\/product"}],"about":[{"href":"https:\/\/4pets.pl\/index.php\/wp-json\/wp\/v2\/types\/product"}],"wp:featuredmedia":[{"embeddable":true,"href":"https:\/\/4pets.pl\/index.php\/wp-json\/wp\/v2\/media\/24191"}],"wp:attachment":[{"href":"https:\/\/4pets.pl\/index.php\/wp-json\/wp\/v2\/media?parent=24190"}],"wp:term":[{"taxonomy":"product_brand","embeddable":true,"href":"https:\/\/4pets.pl\/index.php\/wp-json\/wp\/v2\/product_brand?post=24190"},{"taxonomy":"product_cat","embeddable":true,"href":"https:\/\/4pets.pl\/index.php\/wp-json\/wp\/v2\/product_cat?post=24190"},{"taxonomy":"product_tag","embeddable":true,"href":"https:\/\/4pets.pl\/index.php\/wp-json\/wp\/v2\/product_tag?post=24190"}],"curies":[{"name":"wp","href":"https:\/\/api.w.org\/{rel}","templated":true}]}}