{"id":24195,"date":"2025-12-18T16:50:49","date_gmt":"2025-12-18T15:50:49","guid":{"rendered":"https:\/\/4pets.pl\/?post_type=product&#038;p=24195"},"modified":"2025-12-18T17:32:09","modified_gmt":"2025-12-18T16:32:09","slug":"330ml-z-uchwytem-serca","status":"publish","type":"product","link":"https:\/\/4pets.pl\/index.php\/produkt\/330ml-z-uchwytem-serca\/","title":{"rendered":"330ml z uchwytem serca"},"content":{"rendered":"<p>Kubek ceramiczny 330ml z uchwytem w kszta\u0142c\u0119 serca.<\/p>\n<p>Szukasz wyj\u0105tkowego kubka, kt\u00f3ry wyr\u00f3\u017cni si\u0119 na tle zwyk\u0142ych naczy\u0144 i doda emocji do codziennych chwil? Kubek o pojemno\u015bci\u00a0 330 ml z uchwytem w kszta\u0142cie serca to po\u0142\u0105czenie funkcjonalno\u015bci, estetyki i ciep\u0142ego przekazu. Idealny za do u\u017cytku w\u0142asnego, jak i jako gotowy pomys\u0142 na prezent.<\/p>\n<p>Ten elegancki kubek zosta\u0142 wykonany z wysokiej jako\u015bci ceramiki, dzi\u0119ki czemu doskonale utrzymuje temperatur\u0119 napoju i jest przyjemny w codziennym u\u017cytkowaniu. Uchwyt w kszta\u0142cie serca nadaje mu niepowtarzalny charakter i sprawia, \u017ce ka\u017cdy \u0142yk kawy, herbaty czy kakao staje si\u0119 ma\u0142a chwil\u0105 przyjemno\u015bci.<\/p>\n<p>To doskona\u0142y wyb\u00f3r na walentynki, rocznice, Dzie\u0144 kobiet, dzie\u0144 matki, urodziny lub jako drobny gest bez okazji &#8211; by pokaza\u0107 komu\u015b \u017ce jest wa\u017cny. Kubek z uchwytem serca to prezent, kt\u00f3ry jest jednocze\u015bnie praktyczny i pe\u0142en emocji.<\/p>\n<p>Zalety produktu:<\/p>\n<p>Personalizacja projektu<\/p>\n<p>Uchwyt w kszta\u0142cie serca &#8211; romantyczny i oryginalny desing<\/p>\n<p>Pojemno\u015b\u0107 330ml &#8211; idealna na kaw\u0119, herbat\u0119, kakao<\/p>\n<p>Wysokiej jako\u015bci ceramika &#8211; trwa\u0142a i estetyczna<\/p>\n<p>Gotowy pomys\u0142 na prezent<\/p>\n<p>Idealny do domu, biura lub na prezent<\/p>\n<p>Specyfikacja:<\/p>\n<p>Pojemno\u015b\u0107: 330 ml<\/p>\n<p>Materia\u0142: ceramika<\/p>\n<p>Kolor: czerwony, r\u00f3\u017cowy, niebeski, zielony<\/p>\n<p>Rodzaj uchwytu: serce<\/p>\n<p>Wybierz kubek, kt\u00f3ry \u0142\u0105czy codzienn\u0105 funkcjonalno\u015b\u0107 z wyj\u0105tkowym przekazem.<\/p>\n<p>Ma\u0142y detal, wielkie emocje &#8211; bo liczy si\u0119 serce.<\/p>\n","protected":false},"excerpt":{"rendered":"<p>Kubek ceramiczny 330ml z uchwytem w kszta\u0142c\u0119 serca. Szukasz wyj\u0105tkowego kubka, kt\u00f3ry wyr\u00f3\u017cni si\u0119 na tle zwyk\u0142ych naczy\u0144 i doda&hellip;<\/p>\n","protected":false},"featured_media":24196,"template":"","meta":[],"product_brand":[],"product_cat":[64,99],"product_tag":[],"class_list":{"0":"post-24195","1":"product","2":"type-product","3":"status-publish","4":"has-post-thumbnail","6":"product_cat-4pets","7":"product_cat-kubki","9":"first","10":"instock","11":"shipping-taxable","12":"purchasable","13":"product-type-variable"},"_links":{"self":[{"href":"https:\/\/4pets.pl\/index.php\/wp-json\/wp\/v2\/product\/24195","targetHints":{"allow":["GET"]}}],"collection":[{"href":"https:\/\/4pets.pl\/index.php\/wp-json\/wp\/v2\/product"}],"about":[{"href":"https:\/\/4pets.pl\/index.php\/wp-json\/wp\/v2\/types\/product"}],"wp:featuredmedia":[{"embeddable":true,"href":"https:\/\/4pets.pl\/index.php\/wp-json\/wp\/v2\/media\/24196"}],"wp:attachment":[{"href":"https:\/\/4pets.pl\/index.php\/wp-json\/wp\/v2\/media?parent=24195"}],"wp:term":[{"taxonomy":"product_brand","embeddable":true,"href":"https:\/\/4pets.pl\/index.php\/wp-json\/wp\/v2\/product_brand?post=24195"},{"taxonomy":"product_cat","embeddable":true,"href":"https:\/\/4pets.pl\/index.php\/wp-json\/wp\/v2\/product_cat?post=24195"},{"taxonomy":"product_tag","embeddable":true,"href":"https:\/\/4pets.pl\/index.php\/wp-json\/wp\/v2\/product_tag?post=24195"}],"curies":[{"name":"wp","href":"https:\/\/api.w.org\/{rel}","templated":true}]}}